01 prime?
False
Is 21344003 prime?
False
Is 6886133 a prime number?
True
Is 1312913 prime?
False
Is 20018651 a prime number?
True
Is 10159423 composite?
True
Is 41276267 prime?
True
Is 188574569 a prime number?
True
Is 92865889 composite?
True
Is 266281 a composite number?
False
Is 12522479 prime?
True
Is 25936606 prime?
False
Is 24616879 a prime number?
False
Is 264037 a prime number?
False
Is 19416701 a composite number?
False
Is 22066427 composite?
True
Is 57712961 a prime number?
True
Is 31731769 a prime number?
True
Is 24182011 composite?
True
Is 1234873 prime?
True
Is 77690399 prime?
True
Is 1942639 a prime number?
False
Is 2925319 prime?
False
Is 430487 a prime number?
True
Is 57543089 a prime number?
False
Is 8355467 a prime number?
False
Is 190507 a prime number?
True
Is 152888663 prime?
True
Is 19788029 a composite number?
False
Is 11685958 a prime number?
False
Is 55951 composite?
True
Is 578297 a prime number?
True
Is 66530539 a prime number?
True
Is 50091479 prime?
False
Is 740749 prime?
True
Is 6004217 a composite number?
False
Is 764007109 prime?
True
Is 16689919 prime?
True
Is 9883423 a prime number?
False
Is 245161645 composite?
True
Is 3274981 a prime number?
False
Is 29511013 a prime number?
False
Is 201037313 a composite number?
False
Is 25437347 a prime number?
False
Is 4296647 a prime number?
True
Is 120028367 composite?
False
Is 3420719 a prime number?
False
Is 389354359 prime?
True
Is 25468331 a prime number?
False
Is 152521 composite?
True
Is 240344635 a composite number?
True
Is 29131261 a prime number?
True
Is 134356673 prime?
False
Is 98594753 a prime number?
True
Is 212228413 composite?
True
Is 142786667 a composite number?
True
Is 1105792385 a prime number?
False
Is 5664517 prime?
False
Is 397219 a composite number?
True
Is 17492309 a prime number?
False
Is 3090959 prime?
True
Is 43567939 a composite number?
True
Is 32670613 a prime number?
True
Is 67774643 prime?
True
Is 29600807 a composite number?
False
Is 25451177 composite?
False
Is 4807147 a prime number?
True
Is 60017669 composite?
False
Is 2862421 a composite number?
True
Is 1421621 a composite number?
False
Is 343997 prime?
True
Is 66650303 prime?
False
Is 7205119 composite?
False
Is 132962069 prime?
False
Is 6324103 prime?
False
Is 154481527 composite?
True
Is 2680421 a prime number?
True
Is 6157297 a prime number?
True
Is 395331253 a composite number?
True
Is 244981337 a composite number?
False
Is 547772977 composite?
False
Is 13965187 prime?
False
Is 1197811 a composite number?
True
Is 35589703 a composite number?
False
Is 73598219 composite?
True
Is 766357 a prime number?
True
Is 2868843 composite?
True
Is 402460301 a composite number?
False
Is 428054183 composite?
False
Is 416216239 a composite number?
True
Is 11583323 prime?
True
Is 33739957 composite?
False
Is 125050883 composite?
False
Is 11972581 prime?
False
Is 324418 prime?
False
Is 976253 prime?
True
Is 15472001 composite?
False
Is 1928629 a composite number?
False
Is 5226677 composite?
True
Is 12919339 a prime number?
True
Is 8895959 a prime number?
True
Is 73538993 a composite number?
True
Is 46618781 composite?
True
Is 251460295 a prime number?
False
Is 2780411 a composite number?
True
Is 304091 prime?
True
Is 5015063 prime?
True
Is 26751383 a composite number?
False
Is 215132221 a prime number?
True
Is 30168267 prime?
False
Is 12210983 composite?
False
Is 167988857 a prime number?
False
Is 2647851 composite?
True
Is 22204969 a composite number?
False
Is 22831169 a composite number?
False
Is 6494537 composite?
True
Is 400180393 composite?
False
Is 241606663 composite?
False
Is 104365201 a composite number?
False
Is 1328909 a prime number?
True
Is 2491589 prime?
True
Is 534629 a prime number?
True
Is 23973511 a prime number?
False
Is 56302681 prime?
False
Is 170395798 a prime number?
False
Is 2400614 prime?
False
Is 395290591 composite?
False
Is 246439 prime?
True
Is 815569 a prime number?
True
Is 2037209 a composite number?
False
Is 37506407 composite?
True
Is 87883199 a composite number?
False
Is 672703 composite?
False
Is 52268173 a prime number?
True
Is 79681 composite?
True
Is 108735607 composite?
False
Is 14851723 prime?
True
Is 2020883 a prime number?
True
Is 10867271 composite?
True
Is 79612941 a composite number?
True
Is 282959 composite?
False
Is 4246717 composite?
False
Is 428271 composite?
True
Is 38162273 prime?
True
Is 106649161 prime?
True
Is 10392757 a prime number?
False
Is 142703759 a composite number?
True
Is 1224329 prime?
True
Is 19411687 a prime number?
False
Is 699187 prime?
True
Is 16792115 prime?
False
Is 788611 a prime number?
False
Is 1805046593 a prime number?
False
Is 17852698 prime?
False
Is 73210573 composite?
False
Is 52329547 composite?
False
Is 78723643 a prime number?
True
Is 215812231 a composite number?
True
Is 85696381 a prime number?
True
Is 8978059 composite?
False
Is 8002949 a prime number?
False
Is 5345534 composite?
True
Is 106144189 a prime number?
False
Is 21483289 a composite number?
True
Is 660157 a composite number?
False
Is 2442311 a composite number?
False
Is 14447531 a composite number?
True
Is 44872577 a prime number?
True
Is 70227739 composite?
True
Is 70383595 composite?
True
Is 373777 a composite number?
False
Is 4667851 composite?
False
Is 44508331 a composite number?
True
Is 7061953 prime?
False
Is 249320431 a composite number?
True
Is 451560869 a prime number?
True
Is 49529861 a composite number?
True
Is 1921859 prime?
False
Is 19159267 a prime number?
True
Is 24317849 a composite number?
False
Is 127315493 a prime number?
True
Is 9771533 a composite number?
False
Is 225661519 prime?
False
Is 39791329 a prime number?
True
Is 2930449 a composite number?
False
Is 40218227 a prime number?
False
Is 848461 composite?
False
Is 7667047 prime?
True
Is 5568863 a composite number?
True
Is 13986097 a composite number?
False
Is 60528293 composite?
True
Is 303965 a composite number?
True
Is 2195239 composite?
True
Is 731771 a composite number?
True
Is 882368855 a composite number?
True
Is 2428859 a prime number?
True
Is 169900831 composite?
True
Is 20810315 prime?
False
Is 2562371 composite?
True
Is 36482167 composite?
False
Is 85054093 prime?
True
Is 3862987 a prime number?
True
Is 3528157 prime?
False
Is 987971 a prime number?
True
Is 12517907 a prime number?
False
Is 4735433 composite?
False
Is 1932523 a composite number?
False
Is 189950281 a composite number?
False
Is 22220971 composite?
False
Is 11957063 prime?
False
Is 1570957481 prime?
True
Is 7284769 composite?
False
Is 11152177 a composite number?
False
Is 2598663 a prime number?
False
Is 3120149 prime?
False
Is 4001687 prime?
False
Is 82434283 a prime number?
False
Is 12850853 a composite number?
False
Is 362302601 composite?
True
Is 15725239 a composite number?
False
Is 18710189 composite?
True
Is 13491193 a prime number?
False
Is 314769085 a composite number?
True
Is 80559187 a prime number?
False
Is 51227009 prime?
True
Is 216609317 prime?
False
Is 21893371 a prime number?
False
Is 1716683 a composite number?
False
Is 6483397 a composite number?
True
Is 22109 prime?
True
Is 168481 composite?
False
Is 6659093 a composite number?
True
Is 33109003 a prime number?
True
Is 310241 a prime number?
False
Is 413419 a prime number?
False
Is 16035157 a composite number?
False
Is 6910001 a prime number?
False
Is 612463 prime?
False
Is 55778149 a prime number?
False
Is 35642279 a prime number?
False
Is 1949041 a composite number?
True
Is 361012523 a composite number?
False
Is 91506289 a prime number?
False
Is 31493351 composite?
True
Is 1166197 composite?
True
Is 49460941 composite?
True
Is 63070703 a composite number?
False
Is 23437931 prime?
False
Is 89462153 a composite number?
True
Is 1634926009 a composite number?
False
Is 2041849 composite?
False
Is 41371003 composite?
False
Is 45289493 composite?
False
Is 2153545 prime?
False
Is 25421321 composite?
False
Is 30069581 a composite number?
False
Is 4490347 a prime number?
True
Is 144471781 composite?
True
Is 3230441 prime?
True
Is 659807 composite?
True
Is 661022321 a composite number?
False
Is 6680705 a composite number?
True
Is 12497369 composite?
False
Is 180023 a prime number?
True
Is 43111073 a prime number?
False
Is 194732699 a compo